3110322
In base 15, what is -1dcc - -c711?
a834
In base 2, what is -111101010010000000000101 + -101010?
-111101010010000000101111
In base 7, what is 461641 - 152?
461456
In base 10, what is 161856 - 241?
161615
In base 8, what is 25004445 - 3?
25004442
In base 4, what is -10 - 12112332211232?
-12112332211302
In base 14, what is d806 - -5aa?
ddb2
In base 9, what is 1237480 + 77?
1237567
In base 10, what is 44906 + -184?
44722
In base 15, what is 1c - ec9?
-eac
In base 13, what is 29695c125 + 2?
29695c127
In base 8, what is -117256 - -451?
-116605
In base 9, what is -35003855 + -42?
-35004007
In base 9, what is -32 - -1356035?
1356003
In base 8, what is 41 - -3304373?
3304434
In base 13, what is -40 + -1043b?
-1047b
In base 2, what is -1110101010011111010 - -11?
-1110101010011110111
In base 12, what is 3b7 + 587?
982
In base 12, what is 1 - -2992704?
2992705
In base 5, what is 10000001004 + -14?
10000000440
In base 13, what is 26ab + -21cb0?
-1c602
In base 3, what is 1010211022221002 - 201?
1010211022220101
In base 15, what is -4 - -3a6c3c?
3a6c38
In base 15, what is -3 + -14d620?
-14d623
In base 8, what is -36562735 + -24?
-36562761
In base 3, what is -201212100000011 + -10?
-201212100000021
In base 12, what is -1aa2b - -2b78?
-17a73
In base 12, what is -2a983 - 40?
-2aa03
In base 8, what is -73 + 1033323?
1033230
In base 11, what is 19 + -2428100?
-2428092
In base 3, what is 120021020202 + 221112?
120022012021
In base 13, what is 2 - -2015849?
201584b
In base 12, what is -a + 13a9493?
13a9485
In base 9, what is -3 + 501163?
501160
In base 4, what is 1210 + 101102233?
101110103
In base 5, what is 2203 + 1241332?
1244040
In base 7, what is 1420 - 16020?
-14300
In base 11, what is 62393 + 58?
62440
In base 2, what is 111000001111 + 1001110001000011?
1010101001010010
In base 11, what is 2572 + 5a039?
61600
In base 9, what is -4 - 3767485?
-3767500
In base 15, what is -13ab - -c3?
-12d8
In base 5, what is -3402 - 4414243?
-4423200
In base 7, what is 6 - -62535024?
62535033
In base 3, what is 12102020121 - -20112?
12102111010
In base 6, what is -200 - 11433225?
-11433425
In base 8, what is -12 - 44702337?
-44702351
In base 14, what is -12219 + 73c?
-118bb
In base 16, what is -182cb0 - -8?
-182ca8
In base 5, what is 413 - 30120234?
-30114321
In base 4, what is -22103320312 + 0?
-22103320312
In base 6, what is -130 - 21515011?
-21515141
In base 6, what is 22051312 + -210?
22051102
In base 3, what is 1 - -202021101102020?
202021101102021
In base 8, what is 116 - 160206?
-160070
In base 5, what is -11140020 + 134?
-11134331
In base 16, what is -ad4 + -ce8?
-17bc
In base 11, what is -1251 - -26?
-1226
In base 5, what is 3 + 1414331121?
1414331124
In base 7, what is -5413 - 633?
-6346
In base 14, what is -1 + -17847855?
-17847856
In base 6, what is 0 + -1442255441?
-1442255441
In base 9, what is 65 - -15407?
15473
In base 10, what is -2686 + -81753?
-84439
In base 11, what is 6628564 - -15?
6628579
In base 6, what is -102400001 - 135?
-102400140
In base 7, what is -226 - -326054225?
326053666
In base 12, what is -42 + -347a79?
-347abb
In base 10, what is 984 - -65106?
66090
In base 2, what is -11111100110 - -110001111110001?
101110000001011
In base 13, what is -155266b1c - 3?
-155266b22
In base 13, what is -4075c3 + 3?
-4075c0
In base 14, what is -a68 - -97b7?
8b4d
In base 12, what is 951b4 + 0?
951b4
In base 3, what is -10 + -121001210010211000?
-121001210010211010
In base 14, what is 2 + -a0d1574?
-a0d1572
In base 5, what is -14442 - -31031224?
31011232
In base 4, what is 11 + 2112020203220?
2112020203231
In base 11, what is 1 - 670337?
-670336
In base 6, what is 35 + -252202?
-252123
In base 11, what is -241 - 90a?
-1050
In base 3, what is -122100000100020 - -11?
-122100000100002
In base 11, what is 10987596 - -3?
10987599
In base 16, what is 2 - d1e4e10?
-d1e4e0e
In base 13, what is 0 + -4185126?
-4185126
In base 10, what is -264722 + -580?
-265302
In base 8, what is -21707 - -1742?
-17745
In base 14, what is 199cc + 16b?
19b59
In base 12, what is 15484b + 118?
154967
In base 5, what is -330333 + 2040020?
1204132
In base 7, what is -1615 + 344214?
342266
In base 6, what is -14 + -524142?
-524200
In base 13, what is -42 + 68c33c?
68c2ca
In base 8, what is -67374 + -2243?
-71637
In base 15, what is 6609c + -3c?
66060
In base 11, what is 12668a9 + 7?
1266905
In base 4, what is -32212203 - 102?
-32212311
In base 4, what is -10 - 103200033323?
-103200033333
In base 3, what is 0 + -202021112120201?
-202021112120201
In base 16, what is -600358 + 5?
-600353
In base 5, what is -12444201 + 14?
-12444132
In base 11, what is -25 + -5406?
-5430
In base 6, what is -2110434425 + 3?
-2110434422
In base 6, what is 20535104332 + -1?
20535104331
In base 15, what is 97ce8 - -ea?
97de3
In base 6, what is 3451 + -111025?
-103134
In base 6, what is 1221320213 + 4?
1221320221
In base 11, what is 10063a042 - 1?
10063a041
In base 3, what is -2 + 22210212101110?
22210212101101
In base 12, what is 5829 + 30918?
36545
In base 9, what is -11640587 - -2?
-11640585
In base 12, what is -5b24 - 2b6?
-621a
In base 7, what is -323 + 11016352?
11016026
In base 16, what is 1bd41d - 14?
1bd409
In base 9, what is 44 + -550246?
-550202
In base 13, what is -2a + 119b403?
119b3a6
In base 14, what is -db91d9a2 - -3?
-db91d99d
In base 12, what is -45 + 243ab35?
243aab0
In base 12, what is -19 - -388bb8?
388b9b
In base 11, what is -207503 - -40?
-207473
In base 6, what is -1152 - -233353?
232201
In base 6, what is 12 + 154121531?
154121543
In base 16, what is 82d + -341?
4ec
In base 5, what is -24323 - 111212?
-141040
In base 11, what is 26 + -69173a?
-691714
In base 16, what is -3eff62 + 0?
-3eff62
In base 9, what is 3 - 2803033?
-2803030
In base 2, what is 111 - -10110010110110111011?
10110010110111000010
In base 7, what is -20331 - -16134?
-1164
In base 6, what is -4544 - -2253?
-2251
In base 5, what is 112 - -20004040?
20004202
In base 5, what is 22 + 21300332?
21300404
In base 5, what is 21231444221 + 10?
21231444231
In base 7, what is 25136 - 161144?
-133005
In base 11, what is -3973 - 436?
-42a9
In base 2, what is -100110010101001011001000011 - -100?
-100110010101001011000111111
In base 9, what is 75456 - -155?
75622
In base 13, what is -2 - 450149a?
-450149c
In base 10, what is -169 + 50267?
50098
In base 16, what is 6c + 1333d?
133a9
In base 3, what is 210000202002 + 122?
210000202201
In base 10, what is 123249213 + -1?
123249212
In base 7, what is -251 + 1216631?
1216350
In base 6, what is -3153053 + 4443?
-3144210
In base 4, what is -1302110 + 133003?
-1103101
In base 6, what is 2 - 110543220515?
-110543220513
In base 3, what is -12120122110100 + -102210?
-12120122220010
In base 14, what is -5 - 21d82cb?
-21d82d2
In base 8, what is -63 + -37375675?
-37375760
In base 6, what is 2133 - 12005524?
-12003351
In base 7, what is -151544136 - 23?
-151544162
In base 16, what is -46 + 8225?
81df
In base 9, what is -135823031 - 5?
-135823036
In base 5, what is -10 + 302430111102?
302430111042
In base 6, what is 132254312343 - -3?
132254312350
In base 6, what is -12041 + 54422?
42341
In base 11, what is 1777a - 497?
17293
In base 10, what is 1859663 + -213?
1859450
In base 2, what is -100 - 10001100100000100110?
-10001100100000101010
In base 2, what is 101000011010101100 - -100011011?
101000011111000111
In base 11, what is 1 + -12746242?
-12746241
In base 11, what is -151 - 42915?
-42a66
In base 5, what is -3031 + 2001120?
1443034
In base 8, what is 635 + 266375?
267232
In base 9, what is 1220 - 13225?
-12005
In base 15, what is -1c8d5d + 3?
-1c8d5a
In base 3, what is 12111020022 + 2?
12111020101
In base 16, what is f - 29996cc?
-29996bd
In base 15, what is -1e771c + 26?
-1e76e6
In base 13, what is 682804 + 6b?
682872
In base 2, what is 11101 + -110010010100100001?
-110010010100000100
In base 7, what is -343010222 + -1?
-343010223
In base 12, what is 28220 + 81a?
28a3a
In base 11, what is 571a2 + -1033?
5616a
In base 9, what is -5262 - 4218?
-10481
In base 2, what is -111 - 100000000010100101001011000?
-100000000010100101001011111
In base 3, what is 11 + -210021202101202?
-210021202101121
In base 4, what is -230 + 102313030?
102312200
In base 3, what is 222001 - -112222110100?
120000102101
In